{"id":19,"date":"2020-07-15T17:38:23","date_gmt":"2020-07-15T17:38:23","guid":{"rendered":"https:\/\/trillizosmolina.com\/?page_id=19"},"modified":"2020-07-29T09:42:40","modified_gmt":"2020-07-29T09:42:40","slug":"trillizos-molina","status":"publish","type":"page","link":"https:\/\/trillizosmolina.com\/","title":{"rendered":"Trillizos Molina"},"content":{"rendered":"\n\t<h1>Lo sentimos&#8230;..has naufragado en la web de los trillizos Molina<\/h1>\n<h6>\u00a1Mira que hay sitios en internet y has ido a caer precisamente aqu\u00ed&#8230;!<\/h6>\n<h6>Es tarde para huir, nadie ha conseguido escapar con vida de esta web.<\/h6>\n<h6>Tenemos registradas miles de visitas de entrada y ninguna de salida. Los comentarios han sido borrados por el tiempo, ahogados por las l\u00e1grimas, distorsionados por los gritos&#8230; silenciados para siempre. \u00a1L\u00e1stima!<\/h6>\n\t\t\t\t<img loading=\"lazy\" decoding=\"async\" src=\"https:\/\/trillizosmolina.com\/wp-content\/uploads\/2020\/07\/Alfonso-Molina.jpg\" alt=\"Alfonso Molina\" itemprop=\"image\" height=\"624\" width=\"692\" title=\"Alfonso Molina\" onerror=\"this.style.display='none'\"  \/>\n\t<h2>Tres tristes extraterrestres intentan sobrevivir en el planeta Tierra. Sin familia, sin dinero, sin papeles, pero fieles al juramento de no utilizar sus poderes sobrenaturales, pretenden ganarse la vida como actores.<\/h2>\n<h2>El problema se agrava cuando los tres se encuentran y descubren que han adoptado la misma forma humana&#8230;. Conoce a Segismundo, Findelmundo y Mistermundo y aprende mucho m\u00e1s sobre los trillizos Molina.<\/h2>\n\t<h2>Segismundo Molina<\/h2>\n<h4>Forma humana A<\/h4>\n\t\t\t\t<img loading=\"lazy\" decoding=\"async\" src=\"https:\/\/trillizosmolina.com\/wp-content\/uploads\/2020\/07\/alfonso-molina-con-pelo-1.jpg\" alt=\"alfonso molina con pelo\" itemprop=\"image\" height=\"1532\" width=\"1225\" title=\"alfonso molina con pelo\" onerror=\"this.style.display='none'\"  \/>\n\t<p>Adivina tu pasado si contestas a sus preguntas. Puede volar, pero muy bajito..como arrastr\u00e1ndose por el suelo&#8230;..<\/p>\n<p>Procede de Urano.<\/p>\nEs capaz de permanecer inmovil, alterando sus constantes vitales, simulando su muerte.<br \/>\nSolo los ligeros parpadeos, el ruido de su profunda respiraci\u00f3n y los cambios de postura podr\u00edan delatarle al examen de un experto forense.\n\t<h2>Findelmundo Molina<\/h2>\n<h4>Forma humana B<\/h4>\n\t\t\t\t<img loading=\"lazy\" decoding=\"async\" src=\"https:\/\/trillizosmolina.com\/wp-content\/uploads\/2020\/07\/Alfonso-molina-oficina-1.jpg\" alt=\"Alfonso molina oficina\" itemprop=\"image\" height=\"1035\" width=\"828\" title=\"Alfonso molina oficina\" onerror=\"this.style.display='none'\"  \/>\n\t<p>Genera fuego sirvi\u00e9ndose de utensilios cotidianos. Imita a la perfecci\u00f3n los movimientos y ademanes de un peat\u00f3n&#8230;.<\/p>\n<p>Procede de Saturno<\/p>\n<p>Ingiere,sin mesura,formas de vida terrestres previamente cocinadas.<\/p>\n<p>Duplica su imagen al acercarse a un espejo.<\/p>\n\t<h2>Mistermundo Molina<\/h2>\n<h4>Forma humana C<\/h4>\n\t\t\t\t<img loading=\"lazy\" decoding=\"async\" src=\"https:\/\/trillizosmolina.com\/wp-content\/uploads\/2020\/07\/Alfonso-molina-trabajador-1.jpg\" alt=\"Alfonso molina trabajador\" itemprop=\"image\" height=\"993\" width=\"795\" title=\"Alfonso molina trabajador\" onerror=\"this.style.display='none'\"  \/>\n\t<p>Consigue adivinar el presente. Tambi\u00e9n es capaz de comer deprisa, muy deprisa&#8230;.<\/p>\n<p>Procede de Venus<\/p>\n<p>Tel\u00e9pata, capaz de atraer la atenci\u00f3n de los humanos empleando solo la mente y bruscos aspavientos.<\/p>\n<p>Domina tambi\u00e9n el lenguaje gestual: responde a tus preguntas con movimientos de cabeza o encogiendo los hombros<\/p>\n<h2>\n\t\tVideoBook\n\t<\/h2>\n\t<iframe loading=\"lazy\" src=\"https:\/\/www.youtube.com\/embed\/bp9SOYVrpz0\" width=\"600\" height=\"400\" frameborder=\"0\" allowfullscreen=\"allowfullscreen\"><\/iframe>\n\t<iframe loading=\"lazy\" width=\"600\" height=\"400\" src=\"https:\/\/www.youtube.com\/embed\/I-tZ5fHce7A\" frameborder=\"0\" allow=\"accelerometer; autoplay; encrypted-media; gyroscope; picture-in-picture\" allowfullscreen><\/iframe>\n\t<meta itemprop=\"url\" content=\"https:\/\/trillizosmolina.com\/wp-content\/uploads\/2020\/07\/videoplayback-2.mp4\" \/><meta itemprop=\"thumbnail\" content=\"\" \/><div style=\"width: 100px;\" class=\"wp-video\"><!--[if lt IE 9]><script>document.createElement('video');<\/script><![endif]-->\n<video class=\"wp-video-shortcode\" id=\"video-19-1\" width=\"100\" height=\"100\" preload=\"metadata\" controls=\"controls\"><source type=\"video\/mp4\" src=\"https:\/\/trillizosmolina.com\/wp-content\/uploads\/2020\/07\/videoplayback-2.mp4?_=1\" \/><a href=\"https:\/\/trillizosmolina.com\/wp-content\/uploads\/2020\/07\/videoplayback-2.mp4\">https:\/\/trillizosmolina.com\/wp-content\/uploads\/2020\/07\/videoplayback-2.mp4<\/a><\/video><\/div>\n\t<meta itemprop=\"url\" content=\"https:\/\/trillizosmolina.com\/wp-content\/uploads\/2020\/07\/Video-ING.mp4\" \/><meta itemprop=\"thumbnail\" content=\"\" \/><div style=\"width: 100px;\" class=\"wp-video\"><video class=\"wp-video-shortcode\" id=\"video-19-2\" width=\"100\" height=\"100\" preload=\"metadata\" controls=\"controls\"><source type=\"video\/mp4\" src=\"https:\/\/trillizosmolina.com\/wp-content\/uploads\/2020\/07\/Video-ING.mp4?_=2\" \/><a href=\"https:\/\/trillizosmolina.com\/wp-content\/uploads\/2020\/07\/Video-ING.mp4\">https:\/\/trillizosmolina.com\/wp-content\/uploads\/2020\/07\/Video-ING.mp4<\/a><\/video><\/div>\n\t<meta itemprop=\"url\" content=\"https:\/\/trillizosmolina.com\/wp-content\/uploads\/2020\/07\/videoplayback-1.mp4\" \/><meta itemprop=\"thumbnail\" content=\"\" \/><div style=\"width: 100px;\" class=\"wp-video\"><video class=\"wp-video-shortcode\" id=\"video-19-3\" width=\"100\" height=\"100\" preload=\"metadata\" controls=\"controls\"><source type=\"video\/mp4\" src=\"https:\/\/trillizosmolina.com\/wp-content\/uploads\/2020\/07\/videoplayback-1.mp4?_=3\" \/><a href=\"https:\/\/trillizosmolina.com\/wp-content\/uploads\/2020\/07\/videoplayback-1.mp4\">https:\/\/trillizosmolina.com\/wp-content\/uploads\/2020\/07\/videoplayback-1.mp4<\/a><\/video><\/div>\n\t<meta itemprop=\"url\" content=\"https:\/\/trillizosmolina.com\/wp-content\/uploads\/2020\/07\/videoplayback.mp4\" \/><meta itemprop=\"thumbnail\" content=\"\" \/><div style=\"width: 100px;\" class=\"wp-video\"><video class=\"wp-video-shortcode\" id=\"video-19-4\" width=\"100\" height=\"100\" preload=\"metadata\" controls=\"controls\"><source type=\"video\/mp4\" src=\"https:\/\/trillizosmolina.com\/wp-content\/uploads\/2020\/07\/videoplayback.mp4?_=4\" \/><a href=\"https:\/\/trillizosmolina.com\/wp-content\/uploads\/2020\/07\/videoplayback.mp4\">https:\/\/trillizosmolina.com\/wp-content\/uploads\/2020\/07\/videoplayback.mp4<\/a><\/video><\/div>\n\t<meta itemprop=\"url\" content=\"https:\/\/trillizosmolina.com\/wp-content\/uploads\/2020\/07\/Videopresentacion-Alfonso-Molina.mp4\" \/><meta itemprop=\"thumbnail\" content=\"\" \/><div style=\"width: 100px;\" class=\"wp-video\"><video class=\"wp-video-shortcode\" id=\"video-19-5\" width=\"100\" height=\"100\" preload=\"metadata\" controls=\"controls\"><source type=\"video\/mp4\" src=\"https:\/\/trillizosmolina.com\/wp-content\/uploads\/2020\/07\/Videopresentacion-Alfonso-Molina.mp4?_=5\" \/><a href=\"https:\/\/trillizosmolina.com\/wp-content\/uploads\/2020\/07\/Videopresentacion-Alfonso-Molina.mp4\">https:\/\/trillizosmolina.com\/wp-content\/uploads\/2020\/07\/Videopresentacion-Alfonso-Molina.mp4<\/a><\/video><\/div>\n<h2>\n\t\tCurriculum art\u00edstico\n\t<\/h2>\n\t<h4><strong>CINE<\/strong><\/h4>\nActor de reparto en Las trece rosas y Gente de mala calidad.<br \/>\nFiguraciones especiales en Capit\u00e1n Alatriste, Volver, Los Aires dif\u00edciles, Bienvenido a Casa, La distancia, C\u00e1ndida, Cabeza de perro, Concursante, Los fantasmas de Goya, Isidisi-alto voltaje, 23-F y Ca\u00f3tica Ana.\n<h4><strong>CORTOS<\/strong><\/h4>\nProtagonista en Nunca recuerdo los sue\u00f1os (J.M.Pell\u00e9s)<br \/>\nEnterrados (G. Arribas)<br \/>\nNuestra seguridad (K. Bassecourt)\n<h4><strong>TV<\/strong><\/h4>\n<p>Actor de reparto en Amar en tiempos revueltos, CLA No somos \u00e1ngeles, Cuarto milenio, Bandolera y El secreto de Puenteviejo<\/p>\n<p>Epis\u00f3dicos en El s\u00edndrome de Ulises, Cuesti\u00f3n de sexo, Los Serrano (2), Cuenta atr\u00e1s, Los hombres de Paco (2), A\u00edda (2), Matrimonio con hijos, 2 de Mayo, Hospital Central, El club del chiste, La tira, Aguila Roja, Supercharly, El solitario, De repente los G\u00f3mez, Luna Llena, El secreto de Puenteviejo, La que se avecina, Victor Ros,Cuentame, Galer\u00edas Velvet, Olmos y Robles y Apaches<\/p>\n<h4><strong>PUBLICIDAD<\/strong><\/h4>\nProtagonista en spots de ING DIRECT &#8211; SOS Racismo &#8211; TESORO PUBLICO &#8211; GUIA REPSOL 2011<br \/>\nCAFELATTE &#8211; CUATRO &#8211; GETAFE C.F. \u2013 DACIA &#8211; VODAFONE\n<h4><strong>TEATRO<\/strong><\/h4>\nSuperpepe contra la organizaci\u00f3n (Musical)<br \/>\nC\u00eda.: Molmonria<br \/>\nDirecci\u00f3n: J.M. Mons\u00f3\nOchenta a\u00f1os y un d\u00eda<br \/>\nC\u00eda.: El Rigor de las Desdichas<br \/>\nDirecci\u00f3n: Gustavo Mariani\n<p>Actor de simulaciones en Cajamadrid formaci\u00f3n<\/p>\n<h4><strong>AUDIO<\/strong><\/h4>\nProtagonista de cu\u00f1as radiof\u00f3nica de ING y ONCE<br \/>\nDoblaje de documentales cient\u00edficos (Smithkline)<br \/>\nPodcast de Chema Lapuente\n\t<h4>CONTACTO<\/h4>\n<p><strong>Vicente Alfonso Molina S\u00e1nchez<\/strong><\/p>\n<p><strong>Tel\u00e9fono:<\/strong> 678 90 90 87<\/p>\n<p><strong>e-mail:<\/strong> <a href=\"mailto:llamamealfonso@gmail.com\">llamamealfonso@gmail.com<\/a><\/p>\n<p><strong>Nombre art\u00edstico:<\/strong> Alfonso Molina<\/p>\n\t<h4><strong>DATOS PERSONALES<\/strong><\/h4>\n<p>Fecha nacimiento: 07-12-1958<\/p>\n<p>MEDIDAS. Altura 1.77. Peso 85. Chaq. 52. Pant 46. Cuello 41. Zap. 43<\/p>\n<p>IDIOMAS. Ingl\u00e9s (nivel alto)<\/p>\n<p>DEPORTES: Ciclismo, Nataci\u00f3n, Esqu\u00ed, Atletismo, Submarinismo, Triatl\u00f3n<\/p>\n","protected":false},"excerpt":{"rendered":"<p>Lo sentimos&#8230;..has naufragado en la web de los trillizos Molina \u00a1Mira que hay sitios en internet y has ido a caer precisamente aqu\u00ed&#8230;! Es tarde para huir, nadie ha conseguido escapar con vida de esta web. Tenemos registradas miles de visitas de entrada y ninguna de salida. Los comentarios han sido borrados por el tiempo, [&hellip;]<\/p>\n","protected":false},"author":1,"featured_media":22,"parent":0,"menu_order":0,"comment_status":"closed","ping_status":"closed","template":"","meta":{"site-sidebar-layout":"default","site-content-layout":"page-builder","ast-site-content-layout":"default","site-content-style":"default","site-sidebar-style":"default","ast-global-header-display":"","ast-banner-title-visibility":"","ast-main-header-display":"disabled","ast-hfb-above-header-display":"","ast-hfb-below-header-display":"","ast-hfb-mobile-header-display":"","site-post-title":"disabled","ast-breadcrumbs-content":"","ast-featured-img":"disabled","footer-sml-layout":"","ast-disable-related-posts":"","theme-transparent-header-meta":"default","adv-header-id-meta":"","stick-header-meta":"","header-above-stick-meta":"","header-main-stick-meta":"","header-below-stick-meta":"","astra-migrate-meta-layouts":"default","ast-page-background-enabled":"default","ast-page-background-meta":{"desktop":{"background-color":"var(--ast-global-color-4)","background-image":"","background-repeat":"repeat","background-position":"center center","background-size":"auto","background-attachment":"scroll","background-type":"","background-media":"","overlay-type":"","overlay-color":"","overlay-opacity":"","overlay-gradient":""},"tablet":{"background-color":"","background-image":"","background-repeat":"repeat","background-position":"center center","background-size":"auto","background-attachment":"scroll","background-type":"","background-media":"","overlay-type":"","overlay-color":"","overlay-opacity":"","overlay-gradient":""},"mobile":{"background-color":"","background-image":"","background-repeat":"repeat","background-position":"center center","background-size":"auto","background-attachment":"scroll","background-type":"","background-media":"","overlay-type":"","overlay-color":"","overlay-opacity":"","overlay-gradient":""}},"ast-content-background-meta":{"desktop":{"background-color":"var(--ast-global-color-5)","background-image":"","background-repeat":"repeat","background-position":"center center","background-size":"auto","background-attachment":"scroll","background-type":"","background-media":"","overlay-type":"","overlay-color":"","overlay-opacity":"","overlay-gradient":""},"tablet":{"background-color":"var(--ast-global-color-5)","background-image":"","background-repeat":"repeat","background-position":"center center","background-size":"auto","background-attachment":"scroll","background-type":"","background-media":"","overlay-type":"","overlay-color":"","overlay-opacity":"","overlay-gradient":""},"mobile":{"background-color":"var(--ast-global-color-5)","background-image":"","background-repeat":"repeat","background-position":"center center","background-size":"auto","background-attachment":"scroll","background-type":"","background-media":"","overlay-type":"","overlay-color":"","overlay-opacity":"","overlay-gradient":""}},"footnotes":""},"class_list":["post-19","page","type-page","status-publish","has-post-thumbnail","hentry"],"_links":{"self":[{"href":"https:\/\/trillizosmolina.com\/index.php\/wp-json\/wp\/v2\/pages\/19","targetHints":{"allow":["GET"]}}],"collection":[{"href":"https:\/\/trillizosmolina.com\/index.php\/wp-json\/wp\/v2\/pages"}],"about":[{"href":"https:\/\/trillizosmolina.com\/index.php\/wp-json\/wp\/v2\/types\/page"}],"author":[{"embeddable":true,"href":"https:\/\/trillizosmolina.com\/index.php\/wp-json\/wp\/v2\/users\/1"}],"replies":[{"embeddable":true,"href":"https:\/\/trillizosmolina.com\/index.php\/wp-json\/wp\/v2\/comments?post=19"}],"version-history":[{"count":16,"href":"https:\/\/trillizosmolina.com\/index.php\/wp-json\/wp\/v2\/pages\/19\/revisions"}],"predecessor-version":[{"id":51,"href":"https:\/\/trillizosmolina.com\/index.php\/wp-json\/wp\/v2\/pages\/19\/revisions\/51"}],"wp:featuredmedia":[{"embeddable":true,"href":"https:\/\/trillizosmolina.com\/index.php\/wp-json\/wp\/v2\/media\/22"}],"wp:attachment":[{"href":"https:\/\/trillizosmolina.com\/index.php\/wp-json\/wp\/v2\/media?parent=19"}],"curies":[{"name":"wp","href":"https:\/\/api.w.org\/{rel}","templated":true}]}}